t is 7 - 2ea2?
-2e9a
In base 15, what is -14 - 4bac?
-4bc1
In base 8, what is 15457 - 2?
15455
In base 13, what is -24b23 - 0?
-24b23
In base 13, what is -133 - -7?
-129
In base 7, what is 15445 + -22?
15423
In base 2, what is 101100101 - -101011?
110010000
In base 3, what is -1021020120100 - -12?
-1021020120011
In base 15, what is 5 - 785e?
-7859
In base 12, what is 1 + a29a?
a29b
In base 6, what is 2 - -105021?
105023
In base 10, what is 1612 + -141?
1471
In base 13, what is -1 + 1217a?
12179
In base 15, what is d37384 + -1?
d37383
In base 13, what is 3 - 52867?
-52864
In base 16, what is 8fa9 + -1?
8fa8
In base 4, what is -312100 + -222?
-312322
In base 6, what is -30 + -213513?
-213543
In base 12, what is -a40650 + -4?
-a40654
In base 4, what is -103 + 1113000?
1112231
In base 7, what is -1221 + 166?
-1022
In base 6, what is -115332 + -1?
-115333
In base 10, what is -3 + -16110?
-16113
In base 10, what is 454 - -5293?
5747
In base 8, what is -5 + -315330?
-315335
In base 14, what is 14a + -93?
97
In base 3, what is 220 - -10112200?
10120120
In base 4, what is 11 - 10320210?
-10320133
In base 6, what is 0 - 2555403?
-2555403
In base 8, what is -300112 - -14?
-300076
In base 11, what is 4979 - 7?
4972
In base 9, what is 15 + -5540?
-5524
In base 15, what is -730b10 + 1?
-730b0e
In base 5, what is 1133 - -4421?
11104
In base 9, what is -35882 + -78?
-36071
In base 9, what is 3664 - 10?
3654
In base 7, what is 13313 + 33?
13346
In base 13, what is 1abb - -387?
2175
In base 9, what is -2488 + 0?
-2488
In base 14, what is 67bca + 0?
67bca
In base 16, what is -9 + -172a2?
-172ab
In base 15, what is -5adc - a?
-5ae7
In base 11, what is -202 + 94?
-119
In base 15, what is -e8e8 + -51?
-e949
In base 7, what is -215200 - -4?
-215163
In base 2, what is 10 + -1000101101111001?
-1000101101110111
In base 2, what is 101001001 + -110110001110?
-110001000101
In base 7, what is -2150536 - 1?
-2150540
In base 13, what is -7c + 6045?
5c96
In base 5, what is -14444443 - -3?
-14444440
In base 2, what is 1011100111101 + 111?
1011101000100
In base 14, what is -27 - -73a0?
7377
In base 8, what is -5121 - 261?
-5402
In base 10, what is -22137 - -29?
-22108
In base 7, what is 2432 - -65?
2530
In base 4, what is -12 - 1133131?
-1133203
In base 10, what is -43 - -661?
618
In base 3, what is -22011201021 - 12?
-22011201110
In base 13, what is 26 - -8251?
8277
In base 7, what is -10205 + -4?
-10212
In base 13, what is 58b + 592?
b50
In base 6, what is 1552042 - -5?
1552051
In base 2, what is -1001101010011 - 11111?
-1001101110010
In base 3, what is 21100 + 1210021012?
1210112112
In base 3, what is 12 - -102120222?
102121011
In base 3, what is -20 + -221201111?
-221201201
In base 8, what is -17455 - 4?
-17461
In base 4, what is -111 - -2032011?
2031300
In base 11, what is -4 - -5511?
5508
In base 4, what is -103202 + 221?
-102321
In base 16, what is 55a1 - 19?
5588
In base 12, what is 2 + -a83b1?
-a83ab
In base 8, what is -2077 - -127?
-1750
In base 10, what is -8 + -114130?
-114138
In base 2, what is -11011011111011 + -100001001?
-11100000000100
In base 5, what is 14230102 - -1?
14230103
In base 12, what is -1b2b - -6b9?
-1432
In base 12, what is -24a67 + 7?
-24a60
In base 2, what is 0 + 1000110010111101000?
1000110010111101000
In base 10, what is 18650 - 5?
18645
In base 12, what is -4aa5 - -174?
-4931
In base 16, what is -4688 - -2?
-4686
In base 3, what is -12101222 + -120021?
-12222020
In base 7, what is 1506 + 44?
1553
In base 7, what is 3 + 444333?
444336
In base 7, what is 61 + 6531?
6622
In base 16, what is 85 - 50?
35
In base 3, what is 21021 - -121020?
212111
In base 2, what is -110 + 101001110010110?
101001110010000
In base 11, what is -117 - -4461?
4345
In base 16, what is -e0b99 - -4?
-e0b95
In base 7, what is 1463 + -14023?
-12230
In base 5, what is -1 + 34003102?
34003101
In base 14, what is 2 + 1517?
1519
In base 9, what is 133 + 4737?
4871
In base 8, what is -1033 - 134?
-1167
In base 13, what is 6 + -3c?
-36
In base 7, what is -1001132 - -6?
-1001123
In base 11, what is -13647 + -32?
-13679
In base 16, what is 74 + -98ff?
-988b
In base 7, what is -15031 + -246?
-15310
In base 12, what is -4 + 676b?
6767
In base 12, what is b41 - 7?
b36
In base 13, what is 10173 - -3?
10176
In base 2, what is 100001101 + -101000111?
-111010
In base 9, what is -7 - -587674?
587666
In base 9, what is 64 + -1531?
-1456
In base 2, what is 0 - 110100111011100?
-110100111011100
In base 13, what is -165 + -4b?
-1b3
In base 14, what is d95 + -c?
d87
In base 3, what is -200102121 + -121?
-200110012
In base 9, what is 13 + -63541?
-63527
In base 4, what is -103102 + -1001?
-110103
In base 11, what is -17 + -81?
-98
In base 2, what is 11 + 10100110000?
10100110011
In base 10, what is -10 + -347051?
-347061
In base 4, what is 310 - -11113233?
11120203
In base 7, what is 5010 - 661?
4016
In base 12, what is -2b69 - 5?
-2b72
In base 13, what is -697 - -1329?
962
In base 14, what is 13d63 + -1?
13d62
In base 14, what is -40 + -51?
-91
In base 3, what is -220020221 + -2120?
-220100111
In base 16, what is -2 + 2af18?
2af16
In base 15, what is -715 - c?
-722
In base 5, what is -231 + -10444?
-11230
In base 9, what is 8353377 + 0?
8353377
In base 5, what is 1 + -240130432?
-240130431
In base 13, what is 8499 - -13?
84ac
In base 4, what is 1322111 + -13?
1322032
In base 3, what is 112122 + 20?
112212
In base 8, what is -7252 + -31?
-7303
In base 14, what is 5 + -36a1?
-369a
In base 10, what is 274 - -35?
309
In base 6, what is 2 + -3225?
-3223
In base 16, what is -96 + 7b?
-1b
In base 6, what is -1403 + 43?
-1320
In base 6, what is 31001000 - -3?
31001003
In base 11, what is 109 + 168?
276
In base 4, what is 1020032 - -213?
1020311
In base 14, what is -683575 + 1?
-683574
In base 11, what is 1 - 180959?
-180958
In base 13, what is 581b - -1b?
5839
In base 3, what is -100 - -22020210?
22020110
In base 8, what is 0 - -21446?
21446
In base 13, what is 9 - -16ab?
16b7
In base 3, what is -11211021000 - 11?
-11211021011
In base 5, what is -113 - -34313?
34200
In base 11, what is 171 - -1259?
141a
In base 7, what is 3 + -103363?
-103360
In base 14, what is -113d + -8?
-1147
In base 13, what is -2 + -74a9?
-74ab
In base 15, what is 6ac0 - -1?
6ac1
In base 11, what is -4 + 2612a?
26126
In base 16, what is -58 - -389?
331
In base 10, what is 169012 - -11?
169023
In base 5, what is 2 - 32212204?
-32212202
In base 5, what is -101401 - 332?
-102233
In base 12, what is 0 + -8b29?
-8b29
In base 2, what is 1 - 1000101111001000?
-1000101111000111
In base 9, what is 555 + -17667?
-17112
In base 16, what is 6060 + 16?
6076
In base 12, what is -73b + 4b?
-6b0
In base 3, what is -1112012100 + -10?
-1112012110
In base 9, what is 18 - 3162?
-3143
In base 7, what is 4 - -2143?
2150
In base 3, what is 12222 - 10121121?
-10101122
In base 8, what is 12 + 637?
651
In base 12, what is -37a34 + 2?
-37a32
In base 10, what is -112101 - 16?
-112117
In base 5, what is -20 + -2?
-22
In base 4, what is -10 + 20201001?
20200331
In base 7, what is -43 - 3252?
-3325
In base 11, what is -124 - 564?
-688
In base 14, what is 8a + -6a9?
-61d
In base 7, what is 12 + 3000?
3012
In base 11, what is 19a4 - -8?
1a01
In base 9, what is -78364 - 2?
-78366
In base 2, what is 1000110 - 11110100?
-10101110
In base 10, what is -4 + 4698?
4694
In base 12, what is 3655 + 4b?
36a4
In base 16, what is -a95 - 22?
-ab7
In base 11, what is -6a349 - 1?
-6a34a
In base 8, what is -161041 - 106?
-161147
In base 5, what is -14334200 + -3?
-14334203
In base 15, what is 0 + -1993?
-1993
In base 7, what is -3214324 - 2?
-3214326
In base 4, what is -1233 - -303202?
301303
In base 13, what is -4 + -ca3c5?
-ca3c9
In base 5, what is -124 + 2414032?
2413403
In base 8, what is 37 + -2671?
-2632
In base 11, what is -35327 + -23?
-3534a
In base 3, what is -2221202010 + 12?
-2221201221
In base 5, what is -2 + 2240344?
2240342
In base 15, what is 1 - -276a?
276b
In base 4, what is -2323210 - -2212?
-2320332
In base 2, what is 1011010010111010 + -11001?
1011010010100001
In base 16, what is 0 + -446b?
-446b
In base 5, what is 4133 + -43?
4040
In base 4, what is -2 + 33323133?
33323131
In base 3, what is 2 - 11212201020?
-11212201011
In base 5, what is 110 + 240121?